 - 142. What are the prime factors of d?
2, 17
Let n(r) = -7*r**3 - 3*r**2 - 3*r + 14. What are the prime factors of n(-4)?
2, 3, 71
Suppose 0*l - 2*l = 4*h - 20134, 5*h = -5*l + 25170. What are the prime factors of h?
7, 719
Suppose 0 = -3*b - 2*b + 4*n + 888, 0 = -5*n + 15. Suppose 2*i = -2*i + b. What are the prime factors of 4/30 + 354/i?
2
Let x = 1116 + -884. What are the prime factors of x?
2, 29
Let q(l) = -31*l + 16. Let f be q(-4). Suppose 290 = r + r + 2*i, -2*i = r - f. What are the prime factors of r?
2, 3, 5
Suppose 116*q - 296400 = 36*q. List the prime factors of q.
3, 5, 13, 19
Suppose 356*c = 343*c + 47411. List the prime factors of c.
7, 521
What are the prime factors of (-19520)/(-15) + 4/(-3)?
2, 5, 13
Suppose 22*s - 10097 - 7767 = 0. What are the prime factors of s?
2, 7, 29
Let w be 176/36 - (-1)/9. Suppose -2*p = 3*b - 6*b - 20, w*b = -20. Suppose -p*s + 2*k = k - 176, 0 = 4*k. What are the prime factors of s?
2, 11
Suppose -d + 6*d = 10. Let q(k) = 2*k**2 - 5*k + 5. Let n be q(d). Suppose -8*h + 190 = -n*h. What are the prime factors of h?
2, 19
Let i(m) = -m**2 + 15*m - 8. Let n be i(14). Suppose 2*q - n*q + 8 = 0. Suppose 10 = -5*f, 4*o + q*f - 101 = -5. What are the prime factors of o?
5
Let z be (0/(-2) - 3) + 7. Let r be 4/8*48/z. Let h(v) = -v**3 + 7*v**2 - 3*v - 6. What are the prime factors of h(r)?
2, 3
Suppose -20*i = -17*i - 12. Suppose m = i, 0*n + 2*m + 190 = 3*n. What are the prime factors of n?
2, 3, 11
Let c = 8 - 4. Suppose -x + 56 = c*s, 0 = 3*s + 5*x - 19 - 6. Suppose r = 5*q + 16 + 37, -3*q = s. List the prime factors of r.
2, 7
Suppose 20*c - 20905 = -17*c. List the prime factors of c.
5, 113
Let g be (-9)/((-45)/430) - 3. What are the prime factors of g/2 - 2/(-4)?
2, 3, 7
Let t(q) = 2*q**3 + 3*q**2 - 6*q**3 + 2*q + 3*q**3. Let j(a) = -a**2 + 18*a + 3. Let f be j(18). List the prime factors of t(f).
2, 3
Let c = 8053 - 4388. List the prime factors of c.
5, 733
Suppose -59*i + 96 = -57*i. List the prime factors of i.
2, 3
Suppose 6*y + 22*y - 16632 = 0. List the prime factors of y.
2, 3, 11
What are the prime factors of 2*(0 + 1) - -636?
2, 11, 29
Let v = 2505 - -617. What are the prime factors of v?
2, 7, 223
Let j(s) = -2*s - 5. Let l be j(-7). Let u = l - 6. List the prime factors of u.
3
Let w = 2 - 7. Let a = -3 - w. Suppose -3*u + 25 = 4*x - 2*x, a*u - 2 = 0. What are the prime factors of x?
11
Suppose -2*d = 26 - 178. Suppose -d = -2*g + 6*g. List the prime factors of 3 + -1 - (g - 1).
2, 11
Suppose 0*y - 4*y = 0. Suppose 0 = 2*u - u - 5*q - 19, -5*q = 5*u - 65. Suppose y = c - 17 + u. List the prime factors of c.
3
Let c(i) = -3*i**2 + i. Let z(y) = 3*y**2 - 2*y + 1. Let a be z(1). Let u be c(a). Let v = 26 + u. What are the prime factors of v?
2
Suppose 0 = l - 3, -5*n + 5 = -l - 2. Let c be n - (2 - 1)*5. Let a = 68 + c. List the prime factors of a.
5, 13
Suppose 5*i + 47 = -8. Let s = i - -122. What are the prime factors of s?
3, 37
Let i = 727 + -348. What are the prime factors of i?
379
Let v(i) = -i**2 - 11*i + 16. Let g be (-12)/(-3 - -2) - -2. Let c = g - 25. What are the prime factors of v(c)?
2
Let q(w) = w**3 + 11*w**2 - 13*w - 5. Let u be 0 + 2 - 10 - (-6 - -9). List the prime factors of q(u).
2, 3, 23
Let m(s) = s**2 - 7*s + 4. Let a(r) = r + 2. Let y be a(5). Let k be m(y). List the prime factors of 3 + (k - (0 + 2)).
5
What are the prime factors of (-99)/(-231) - 9132/(-7)?
3, 5, 29
Let p be ((-200)/(-12))/(-5)*-3. Let x be 39/(-2)*p/3. Let i = 111 + x. List the prime factors of i.
2, 23
Let l be (-6)/(-8)*4 - 3. Suppose l*g + 343 = 7*g. List the prime factors of g.
7
Suppose 0 = -2*w - 7 + 7. Suppose w = 38*y - 45*y + 1057. List the prime factors of y.
151
Let n(k) = -1385*k - 82. What are the prime factors of n(-3)?
4073
Let m = -671 - -1242. List the prime factors of m.
571
Let r = 12 + -10. Let j be 268/22 + r/(-11). Suppose k + 3*t + j = 8*t, 4*k = t + 47. What are the prime factors of k?
13
Suppose -270 = -9*m + 6*m. Suppose -q = 5*p - 10*p + 71, 120 = -2*q - p. Let g = q + m. What are the prime factors of g?
29
Let u(q) = -8*q**3 + 1. Let y be u(-1). Suppose y*d - 10*d + 12 = 0. What are the prime factors of d?
2, 3
Suppose 0 = 5*h + 15, 3*u - 493 = -5*h + 275. List the prime factors of u.
3, 29
Suppose q + 640 = 6*q. Suppose p = -5*y + q, 2*y + 0*p = -4*p + 62. List the prime factors of y.
5
Let p(y) = y**3 + y**2 - y - 9. Let h be p(0). Let b = -9 - h. Suppose -4*x + b*x + 48 = 0. List the prime factors of x.
2, 3
Let k(c) = 125*c**2 + 26*c - 11. List the prime factors of k(-5).
2, 373
Suppose -25260 = -18*o + 30738. What are the prime factors of o?
3, 17, 61
Suppose 5*a - 6*x - 25 = -x, 4*a - 3*x - 22 = 0. Suppose 2*o - 19 = a. List the prime factors of o.
13
Suppose 0 = -9*d + 25*d - 5968. List the prime factors of d.
373
Suppose 5*y - f - 1114 = 0, 4*y - 12*f - 908 = -7*f. What are the prime factors of y?
2, 3, 37
Suppose -k + 0*d - 3*d = -51, -2*k + 99 = 5*d. Suppose -k - 84 = -6*u. List the prime factors of u.
3, 7
Suppose 2*m - 461 = -3*i, 0*i - 5*i + 2*m + 795 = 0. Suppose -2*j + i = -27. What are the prime factors of j?
2, 23
Let j(r) = -r**2 + r + 6. Suppose 1 = i - w - 5, w - 30 = -5*i. Let f be j(i). List the prime factors of f/12*(-8 - -1).
2, 7
Suppose -6 = 5*g + 84. Let a = 28 + g. What are the prime factors of a?
2, 5
Let s be 0 + (-12)/(-2 - 1). Suppose 2*g - 238 = -4*c, -s*g = 2*c - 7*c - 437. What are the prime factors of g?
113
Suppose -12*n + 18*n = 666. What are the prime factors of n?
3, 37
Let d(f) = f. Let u be d(7). Suppose -5*g = -13 - u. Let s = 38 + g. What are the prime factors of s?
2, 3, 7
List the prime factors of 56286/48 + (-15)/(-40).
3, 17, 23
Let n(s) = -59*s**3 + 4*s**2 - 3*s. Let q(h) = 236*h**3 - 17*h**2 + 13*h. Let x(y) = -9*n(y) - 2*q(y). What are the prime factors of x(1)?
2, 29
Let a(p) = -75*p + 47. Let y be a(-7). Suppose 5*n = 18*n - y. List the prime factors of n.
2, 11
Let r(j) = 33*j**2 + 8*j + 138. List the prime factors of r(10).
2, 1759
List the prime factors of (-1)/((-1)/(-41)*4/(-116)).
29, 41
Let m = 24 - 15. Suppose 0 = 15*b - 12*b + t + 37, 67 = -5*b + t. List the prime factors of 38*1 + m + b.
2, 17
Suppose 0 = 43*t - 50*t + 7511. List the prime factors of t.
29, 37
Let z(u) = -5*u + 3*u - 5 + 2*u - 5*u. List the prime factors of z(-4).
3, 5
Let s = -92 + -37. Let m = -37 - s. List the prime factors of m.
2, 23
Suppose -450 = -3*t + 195. List the prime factors of t.
5, 43
List the prime factors of (-10 - (-68)/12)*(-84 + 0).
2, 7, 13
Let r = 20 + 5. Suppose 6*d - d = -4*m + 108, 0 = 4*m - 8. List the prime factors of 16/((r/d)/5).
2
Suppose -2*o + 0 = -6. Suppose 3*t + 3*q = -2*q + 90, -t = -5*q - 10. Suppose 0 = 4*b - 2*i - 76 + 16, o*i + t = b. What are the prime factors of b?
13
Let g(w) = w**3 - w**2 - 4*w. Let d be g(3). What are the prime factors of d/2 - (-1 + -38)?
2, 3, 7
Let l = 295 - 15. List the prime factors of l.
2, 5, 7
What are the prime factors of ((-165)/25 + 5)*13675/(-10)?
2, 547
Let s = 2551 + -1746. What are the prime factors of s?
5, 7, 23
Suppose 11 = 5*h - 0*f + f, -3*h + 5 = f. Let w(c) = -h + 1 + 7 + 2 - 7*c. What are the prime factors of w(-5)?
2, 3, 7
Let y = -13 - -14. Suppose 0 = -2*a - 3*v + 3, 2*a + v - y = -a. What are the prime factors of -1 + (-9)/(-3) + a?
2
Let w(y) = -3*y**3 - 3*y**2 - 2*y - 5. Let a be w(-3). Let l = 90 - a. What are the prime factors of l?
5, 7
Let s(l) = -l**3 + 49*l**2 - 72*l + 64. What are the prime factors of s(46)?
2, 5, 31
Let w(j) = 18*j**2 + 6*j - 1. Let d(f) = -19*f**2 - 5*f. Let y(q) = 4*d(q) + 5*w(q). List the prime factors of y(-4).
179
Let y = -648 + 1311. List the prime factors of y.
3, 13, 17
Suppose -111 - 185 = -2*r. List the prime factors of r.
2, 37
Let g = -108 - 33. Let p = g + 230. List the prime factors of (-2)/8 + p/4.
2, 11
Let y(v) = -2*v**2 + 17*v + 7. Let c be y(-6). Let p = -92 - c. List the prime factors of p.
3, 5
List the prime factors of (-3)/15 + 32830/25.
13, 101
Let j(q) = q**3 - 11*q**2 - 32*q - 17. List the prime factors of j(14).
3, 41
Suppose 0 = -4*c + 5*m + 10612, -3*m + 8827 + 4475 = 5*c. List the prime factors of c.
2, 3, 443
Let y(t) = 37*t**2 + 8*t + 9. List the prime factors of y(-3).
2, 3, 53
Let b =